{"id":2,"date":"2021-01-04T14:57:42","date_gmt":"2021-01-04T14:57:42","guid":{"rendered":"http:\/\/www.grovisuel.com\/?page_id=2"},"modified":"2021-01-06T22:32:07","modified_gmt":"2021-01-06T22:32:07","slug":"sample-page","status":"publish","type":"page","link":"https:\/\/www.grovisuel.com\/?page_id=2","title":{"rendered":""},"content":{"rendered":"\n<blockquote class=\"wp-block-quote has-text-align-center\"><p>Gr\u00f6 est souple, et s\u2019adapte \u00e0 vos besoins. Cr\u00e9atrice de solutions artistiques et graphiques. Gr\u00f6 con\u00e7oit et produit tout type de supports de communications.<\/p><\/blockquote>\n\n\n\n<div class=\"wp-block-buttons\">\n<div class=\"wp-block-button\"><a class=\"wp-block-button__link\" href=\"https:\/\/www.grovisuel.com\/\">Portfolio<\/a><\/div>\n<\/div>\n\n\n\n<div class=\"wp-block-group\"><div class=\"wp-block-group__inner-container\">\n<hr class=\"wp-block-separator alignfull is-style-wide\"\/>\n<\/div><\/div>\n\n\n\n<ul><li>Direction artistique<\/li><li>Identit\u00e9 visuelle<\/li><li>Print<\/li><li>Shooting \/ Captation<\/li><li>Montage<\/li><li>Data vision<\/li><li>Motion design<\/li><li>\u00c9v\u00e9nementiel<\/li><\/ul>\n\n\n\n<hr class=\"wp-block-separator\"\/>\n\n\n\n<p>Analyse de l\u2019existant, benchmark, \u00e9laboration de parti-pris graphique, propositions de supports (strat\u00e9gies des moyens) .<\/p>\n\n\n\n<hr class=\"wp-block-separator\"\/>\n\n\n\n<p>Conception &amp; animation d\u2019atelier cr\u00e9atifs<\/p>\n\n\n\n<ul><li>D\u00e9termination des objectifs.<\/li><li>Conception et production des supports p\u00e9dagogiques.<\/li><li>Facilitation , animation.<\/li><\/ul>\n\n\n\n<hr class=\"wp-block-separator\"\/>\n\n\n\n<p>Conception &amp; cr\u00e9ation de masques et costumes.<\/p>\n","protected":false},"excerpt":{"rendered":"<p>Gr\u00f6 est souple, et s\u2019adapte \u00e0 vos besoins. Cr\u00e9atrice de solutions artistiques et graphiques. Gr\u00f6 con\u00e7oit et produit tout type de supports de communications. Direction artistique Identit\u00e9 visuelle&#8230;<\/p>\n","protected":false},"author":1,"featured_media":181,"parent":0,"menu_order":0,"comment_status":"closed","ping_status":"open","template":"","meta":[],"_links":{"self":[{"href":"https:\/\/www.grovisuel.com\/index.php?rest_route=\/wp\/v2\/pages\/2"}],"collection":[{"href":"https:\/\/www.grovisuel.com\/index.php?rest_route=\/wp\/v2\/pages"}],"about":[{"href":"https:\/\/www.grovisuel.com\/index.php?rest_route=\/wp\/v2\/types\/page"}],"author":[{"embeddable":true,"href":"https:\/\/www.grovisuel.com\/index.php?rest_route=\/wp\/v2\/users\/1"}],"replies":[{"embeddable":true,"href":"https:\/\/www.grovisuel.com\/index.php?rest_route=%2Fwp%2Fv2%2Fcomments&post=2"}],"version-history":[{"count":5,"href":"https:\/\/www.grovisuel.com\/index.php?rest_route=\/wp\/v2\/pages\/2\/revisions"}],"predecessor-version":[{"id":178,"href":"https:\/\/www.grovisuel.com\/index.php?rest_route=\/wp\/v2\/pages\/2\/revisions\/178"}],"wp:featuredmedia":[{"embeddable":true,"href":"https:\/\/www.grovisuel.com\/index.php?rest_route=\/wp\/v2\/media\/181"}],"wp:attachment":[{"href":"https:\/\/www.grovisuel.com\/index.php?rest_route=%2Fwp%2Fv2%2Fmedia&parent=2"}],"curies":[{"name":"wp","href":"https:\/\/api.w.org\/{rel}","templated":true}]}}